*f = -65, 3*f - 28 = -2*k. What is the highest common divisor of k and s?
1
Let f be 485 + -30 + 3/1 + 1. Calculate the highest common factor of f and 27.
27
Let h = -10 + 12. Suppose 70 = 3*x + 5*v, -5*v - 110 = -h*x - x. Let o = -38 - -58. Calculate the greatest common factor of o and x.
10
Let p(t) = -10*t - 22. Let m be p(-10). Let i = -38 + m. What is the greatest common factor of i and 8?
8
Let r(w) = -w**3 + 6*w**2 - 2*w - 1. Let q be r(5). Suppose a + 77 = 12*a. Suppose -2 = -a*f + 96. What is the greatest common divisor of f and q?
14
Let n be (24/12)/((-2)/(-4)). Let v be 2 + -1*(n + -7). Suppose 3*f - 11 = -v*m, 3*f - 7 = 2*f - 5*m. What is the greatest common factor of 2 and f?
2
Suppose -10*b = -9*b - 5*i - 76, 73 = b - 4*i. Calculate the greatest common factor of b and 1037.
61
Suppose k + 2*b = -2*b + 47, 2*k - 110 = -4*b. Let h be 6 + (2 - 2 - -1). What is the greatest common divisor of h and k?
7
Suppose -3*a - i + 33 = 0, 0 = 2*a + 2*i - 32 + 6. Let z(g) = -g**2 - 17*g + 10. Let r be z(-12). What is the greatest common factor of r and a?
10
Suppose 3*l - 880 = -2*l. Let p be (980/42)/((-4)/(-6)). Let y be (1 - p/25)*-40. What is the highest common factor of l and y?
16
Suppose -16*b + 110 = -15*b - 5*s, s = -2. Let z = -48 - -88. What is the highest common divisor of b and z?
20
Let w(f) = -12*f - 612. Let i be w(-52). Suppose 2*x + 24 = 3*t, 39 = 4*t - 0*x - 5*x. Calculate the highest common factor of t and i.
6
Suppose 0 = 22*f - 5*f - 3060. Calculate the greatest common factor of f and 20.
20
Suppose 4*j = 2*n - n - 170, -6*n = 2*j - 1020. Calculate the greatest common factor of 442 and n.
34
Let l be 9 - -1 - (-10)/(-5). Suppose -8*w + 4*w = -l. Let n(m) = -m + 6. Let a be n(4). Calculate the greatest common divisor of a and w.
2
Let t = -21 + 51. Let a(p) = p**3 + 12*p**2 + 14*p + 24. Let i be a(-11). Let z be 12/i*(-5 - 4) + 3. Calculate the greatest common factor of t and z.
15
Let z be ((-288)/(-3))/(18/(-12)). Let i = z - -127. Calculate the greatest common divisor of i and 9.
9
Let b = -10 - -19. Let d = b - 4. Suppose 0 = s + 1 + 4, 4*z + d*s = 7. What is the highest common factor of 4 and z?
4
Suppose 0 = n + 3, o + 30*n - 35*n - 101 = 0. Calculate the highest common factor of o and 559.
43
Suppose 4*j + 10 - 144 = -2*f, -4*f = 5*j - 163. Suppose 0*t = -y - 3*t - 4, -3*y + 3*t = -48. Let d = j - y. What is the greatest common factor of d and 16?
8
Suppose -2*k = 9*j - 11*j - 6, -5*k = -3*j - 25. What is the greatest common divisor of 172 and k?
4
Let o(u) = u**3 - 5*u**2 + 6*u - 2. Let f be o(6). Let h = -56 - -63. Suppose -7 = -2*b + h. Calculate the highest common divisor of f and b.
7
Let r(x) = 2*x**2 + 12*x - 8. Let n be r(-9). Calculate the greatest common factor of 115 and n.
23
Let u = 23 + -74. Let x = u + 211. What is the highest common factor of 64 and x?
32
Let m(j) = -2*j + 25. Let y be m(9). Let k(t) = -t**2 + 18*t - 17. Let f be k(y). What is the greatest common factor of f and 10?
10
Let p be (90/(-12))/(1/(-2)). Let s be (-3 - p/(-10))*-60. What is the greatest common divisor of s and 10?
10
Suppose -5*x = 3*y - 41, 2 + 3 = 5*x. Let l(w) = -w**3 - 10*w**2 + 12*w + 23. Let p be l(-11). What is the greatest common divisor of y and p?
12
Let g = -27 + 48. Let k = -2 + g. Suppose -y + 2*o = y - 14, -5*y + o = -k. Calculate the greatest common factor of y and 2.
1
Let h(v) = 9*v - 57. Let j be h(17). Let s = j + -41. Suppose 0 = -3*b - 3*x + 5*x + 37, 0 = -4*x - 8. What is the highest common divisor of s and b?
11
Let b(r) be the third derivative of 20/3*r**3 - 8*r**2 + 0*r + 0 - 1/24*r**4. Let o be b(20). Calculate the highest common divisor of 20 and o.
20
Let k(l) = -l - 9. Let r be k(-6). Let a be -1 + r - -1 - -179. Suppose 6*b - 2*b - a = 0. Calculate the greatest common divisor of 11 and b.
11
Suppose -4*l - l + 15 = 0. Suppose -20 = 5*q, -3*x + 9 = -l*q - 3. Suppose 3*n + 19 - 55 = x. What is the highest common factor of 60 and n?
12
Let j(k) = -k**3 - 6*k**2 + 13*k - 9. Let u be j(-8). What is the highest common divisor of 48 and u?
3
Suppose -2*u - 3*u + 2*q = -65, 0 = -4*q. Suppose -10*w + 96 + 34 = 0. Calculate the highest common factor of w and u.
13
Let y be (0/(-3))/(-2 - -1 - -2). Suppose -5*v - 4*g = 3 - 0, y = -2*v - g. Calculate the highest common factor of 5 and v.
1
Let y = 330 - 298. Calculate the highest common divisor of 2 and y.
2
Suppose 83 = 5*n + 2*u, 5*n + 3*u - 82 = 5. Let b = n + -27. Let h = b - -28. Calculate the highest common divisor of h and 40.
8
Let p = 4047 + -2184. What is the highest common divisor of 27 and p?
27
Let t be (0/(-1) - -1)/(15/(-75)). Let l = t - -45. Calculate the highest common factor of l and 8.
8
Let g = -1570 - -1998. What is the highest common factor of 8 and g?
4
Let s = 1581 + -1569. What is the highest common factor of s and 68?
4
Suppose -5*m - 4*p + 1039 = 0, -m + 3*p = -p - 227. Calculate the greatest common factor of m and 1.
1
Suppose 5*r + 6 = 21. Suppose -65 = -r*q - 2*q. Let w(d) = d**2 - 4*d - 6. Let a be w(8). Calculate the greatest common factor of q and a.
13
Let h(u) = 3*u + u**2 + 0*u**2 - 1 + 3. Let t be h(-4). Suppose 4*p - 372 = -108. What is the greatest common divisor of t and p?
6
Suppose 51 = 4*i + 5*d, -4*i - d = -45 - 10. Calculate the highest common factor of i and 98.
14
Let r(g) = 2*g**3 - 16*g**2 + 4*g - 12. Let u be r(8). Calculate the highest common factor of 40 and u.
20
Let i = -287 - -368. What is the greatest common divisor of i and 9?
9
Let w(l) = -l**3 - 4*l**2 - 4*l + 21. Let y be w(-6). Let h be (1 + 1)/(-2)*-13. Calculate the greatest common factor of h and y.
13
Suppose 0 = 3*r - r - 4. Suppose -q + 18 = r*q. Let k = 540 + -510. What is the highest common divisor of k and q?
6
Let a(d) = -22*d - 1 - 13*d**2 + 8 + 10*d - d**3. Let n be a(-12). Let i be (3 - 4)/(2/(-2)). What is the highest common factor of n and i?
1
Let c be (2/(-3))/(30/(-1305)). Let u(v) = 257*v - 13. Let h be u(4). Suppose 4*k = -k + h. What is the greatest common divisor of k and c?
29
Let i = 137 - 132. Suppose i*h = 3*p - 0*p - 11, h - 3 = -2*p. Let x be ((-16)/6)/((-1)/3). Calculate the greatest common factor of x and p.
2
Suppose -5*p + 5*s + 10 = -5, -5*s = -4*p + 14. Let g(i) = 9*i - 175. Let f be g(20). Calculate the greatest common factor of f and p.
1
Let c = 1195 - 781. What is the greatest common divisor of c and 46?
46
Suppose -5*x + 15*x - 430 = 0. Suppose -x = -p + 109. Calculate the greatest common divisor of 38 and p.
38
Let m(y) = -32*y**3 + y**2 + 9*y + 8. Let h be m(-1). Let b(n) = 11*n + 30. Let t be b(6). What is the greatest common factor of t and h?
32
Let c be -4*(0 - 2)*5. Suppose -2*f + c = 3*s, -s + 5*f = 4*s - 25. Suppose 91 + 89 = 2*w. What is the greatest common factor of s and w?
10
Let n(x) be the first derivative of -3*x**4/4 - x**3/3 + x - 15. Let d be n(-1). Calculate the highest common factor of 24 and d.
3
Let u be (-2)/(-6)*-1 - 6748/(-84). What is the highest common divisor of 15 and u?
5
Let v(u) = u**3 - 11*u**2 - 2*u - 90. Let a be v(12). What is the highest common divisor of a and 20?
10
Suppose -2*k + 179 = 41. Let p be -1*(-50 - -3) - 1. Calculate the highest common divisor of k and p.
23
Suppose -2*i = 2*i - 120. Suppose 12 = -3*a + i. Suppose 5*s = -4*y + 100, -s - 135 = -a*s + 3*y. Calculate the highest common divisor of 12 and s.
12
Let l = 12 - 12. Let u(y) = 4*y + 11 + y**2 + 1 - 3*y. Let i be u(l). What is the greatest common factor of 12 and i?
12
Let k = 75 + -71. Let s be ((-6083)/k)/(-11) + 2/(-8). Calculate the highest common factor of 92 and s.
46
Let k = 18 + -15. Suppose -4*l + 16 = -7*h + 3*h, -h - k*l = -12. Suppose 4 + h = -4*t, z + t = 19. What is the greatest common factor of 4 and z?
4
Suppose 12*g = 1635 + 2301. Calculate the greatest common factor of 41 and g.
41
Let v be 7/49 - (-12)/14. Let b = v - -1. Suppose n = b*n - 23. What is the highest common divisor of n and 69?
23
Suppose -6*p = -2*p - 32. Let c = p + 1. Suppose -c*l + 4*l + 65 = 0. Calculate the greatest common factor of l and 52.
13
Let l be 105/(-315)*15*-1. Calculate the greatest common factor of l and 265.
5
Let q(t) = t. Let y be q(3). Suppose -4*x = 4*w - y*w - 717, -x = 4*w - 168. What is 